 - 1/120*u**6 + 7/60*u**5. Suppose 0 = 34*i - 33*i - 5. Determine n(i).
21
Let p = 10 + -10. Suppose 1 = -3*w - 5*v, 3*v + 2*v + 10 = p. Suppose -5*t + 29 = -q, q + 0*q - 19 = -w*t. Let l(d) = -d**3 + 6*d**2 - 2*d + 7. Give l(t).
-5
Let i(y) be the second derivative of y**5/20 + 7*y**4/12 - 5*y**3/6 - 5*y**2/2 + 3695*y. Let h be (-4 - -5)/((-2)/14). Give i(h).
30
Let h(f) = -f**2 + 21. Let i(c) = -c**2 - 12*c + 247. Let m be i(11). Calculate h(m).
-15
Let b(i) = -i**3 - 29*i**2 + 55*i - 210. Let r be b(-31). Let y(g) = g**3 - 6*g**2 + 6*g + 7. Let a be y(6). Let m(t) = a - 8*t + r*t - 55. Calculate m(-8).
-4
Let j be ((-3 - 2) + 169/52)*4. Let y(h) = -h**2 - 5*h + 16. Give y(j).
2
Let t(a) = -116 + 224 + a - 2*a**2 + 2*a**2 - 113 + 3*a**2. Give t(2).
9
Let g(c) be the first derivative of 7/3*c**3 - 1/4*c**4 + 8*c - 5/2*c**2 + 99. Give g(6).
14
Let b(k) = 635*k + 660*k + 3 + 15 - k**3 - 1981*k - 22*k**2 + 630*k. Give b(-19).
-1
Let r(b) = b**3 - b**2 + 17. Let f(h) be the first derivative of 0*h - 10 + 7/2*h**2 - 2*h**3 - 1/4*h**4. Let m be f(-7). Calculate r(m).
17
Let s = -409 - -289. Let v be (72/s)/(3/(-15)). Let h(p) = -p**3 + 2*p**2 + 3*p - 2. Calculate h(v).
-2
Let a(u) = u**3 - 5*u**2 - 13*u + 51. Suppose 0 = -9*i - 20*i - 75*i + 312. Give a(i).
-6
Let y(z) = 2*z**3 + 3*z - 10. Suppose -94*b + 158 - 40 = -164. Determine y(b).
53
Let p(h) be the third derivative of 0 + 28*h**2 - 1/6*h**3 + 0*h - 1/8*h**4. Determine p(3).
-10
Let a(z) = -z**3 - 4*z**2 + z - 4. Let h = 16 + -17. Let r be 10/(-5) + -1 + h. Let s be a(r). Let x(l) = -l**3 - 8*l**2 + l + 1. Determine x(s).
-7
Let k(w) = 122*w + 617. Let f be k(-5). Let x(u) = -2*u**2 + 8*u + 7. What is x(f)?
-35
Let y = -235 - -239. Suppose 2*i + 4*j - 20 = 0, -y*i + 0*j + 20 = -2*j. Let m(z) = -z**3 + 5*z**2 + 4*z + 8. Calculate m(i).
-4
Let p = 192 + -174. Let q(n) = 41 - 24 - p + 13*n. Give q(1).
12
Let o(l) = -2*l - l**2 + 5 - 4 + 1. Suppose -64 = -6*t - 154. Let y be (50/(-30))/(t/27). Give o(y).
-13
Let x = 0 - 6. Let y be (0 - 1)*(-42)/x. Let r(a) = 7*a - 2*a + a - 5*a. What is r(y)?
-7
Let k be (7*7/(-49))/(2/(-4)). Suppose 4*a = 4*b + 5*a - 16, 2*b - k = a. Let m(y) = -2*y**2 + 7. What is m(b)?
-11
Let s be 98/35 - (12/(-10) - -1). Let r = 18 - 20. Let w(t) = t. Let d(z) = -3*z - 1. Let u(m) = r*d(m) - 7*w(m). Give u(s).
-1
Let o(l) = -25*l - 44 + 4*l - l**2 - 3*l + 8*l - 5*l. What is o(-19)?
-6
Let b(q) = -q**3 + 3*q**2 - q - 1. Suppose -5*t + 3*t = -3*m - 17, 0 = -3*t - 2*m + 58. Let i(a) = -a**3 + 18*a**2 - 31*a - 13. Let w be i(t). Give b(w).
-4
Suppose -40 = -8*r + 3*r - 4*d, -32 = -4*r - 3*d. Let h(u) = 7*u + 2*u**3 - 10 + 216865*u**2 - 216874*u**2 - u**3. What is h(r)?
-18
Let g(i) be the third derivative of 4*i**2 - 11/24*i**4 - 1/60*i**5 + 1/2*i**3 - 25 + 0*i. Calculate g(-12).
-9
Let r(c) = 1. Let o(p) = 4*p**2 - 2*p + 8. Let a(t) = -o(t) + 6*r(t). Let x be (150/(-20) + 7)/(11/(-22)). Give a(x).
-4
Suppose -36*z + 40*z = -3*f - 10, 2*f = -5*z - 2. Let v(d) = 49*d - 90. Determine v(z).
8
Let u = 2309 - 2306. Let m(j) be the first derivative of -1/3*j**u - 3*j + 3/2*j**2 - 22. Calculate m(5).
-13
Let j(k) = k - 25. Let p(w) = w**2 + 46*w - 1419. Let u be p(-67). Calculate j(u).
-37
Let s(y) = -48*y**2 + 10*y + 149. Let z(n) = -77*n**2 + 16*n + 223. Let o(l) = 8*s(l) - 5*z(l). Give o(0).
77
Suppose 9*w = 117 - 36. Let t(p) = -3*p - 8 + 5*p - p + w. Determine t(-2).
-1
Suppose -d = 3*d + i + 60, 2*d + 30 = -i. Let k(j) be the first derivative of j**2/2 + 17*j - 1039. What is k(d)?
2
Let l(n) = -11. Let u(b) = 3*b - 24. Let d(x) = -13*l(x) + 6*u(x). Give d(2).
35
Let w(c) = 5*c**2 - c + 11. Let n(g) = -g**2 + g - 3. Let j(v) = 4*n(v) + w(v). Let h(d) = 13*d**2 - 11*d + 4. Let y(q) = -h(q) - 4*j(q). Determine y(-1).
-16
Let b = -16 + 28. Suppose k - 2 = -0*x + x, 0 = -x - k - b. Let s = x - -8. Let z(v) = -17*v**2 + v - 1. What is z(s)?
-17
Let g(q) = 8*q - 2*q + 10 + 2*q. Let y = 255647 + -255649. Determine g(y).
-6
Suppose 2*t + 4*h = -4, -12 = 25*h - 21*h. Let g(s) = s**3 - 4*s**2 + 5*s - 17. Let m(o) = o**3 - 5*o**2 + 6*o - 15. Let a(x) = t*g(x) - 5*m(x). Calculate a(8).
-9
Let g(q) = 31*q + 3. Let u(j) = j**2 - 37*j + 325. Let k be u(14). Determine g(k).
96
Let y be (-1 - (-5)/10)*3*-12. Suppose -y = -2*g - g + f, 0 = g + 2*f - 6. Let b(v) = -5*v + 4*v**2 - 5*v**2 - 4*v**2 - 5 + g*v**2. Determine b(6).
1
Let j(c) = 3*c - 11. Let p = 510 + -285. Suppose 45 = 230*u - p*u. Determine j(u).
16
Let n(x) be the second derivative of -27*x**5/10 - x**2/2 + 1314*x. Calculate n(-1).
53
Let c(g) be the first derivative of g**4/24 + g**3/2 - 105*g**2/2 + 167. Let s(r) be the second derivative of c(r). What is s(4)?
7
Suppose -8*p - 213 - 19 = 0. Let t = 32 + p. Suppose 4*c = 4*k, -3 - 15 = 3*c + t*k. Let x(n) = -n**2 - 3*n + 4. What is x(c)?
4
Let j(g) be the second derivative of g**5/10 + 7*g**4/4 - 2*g**3 - 19*g**2/2 - 1848*g. What is j(-11)?
-8
Let t = 46 + 40. Let s = t - 81. Let x(i) be the second derivative of -2*i**3/3 + i**2 + 31*i. Determine x(s).
-18
Suppose 3*x - 4*t = -1, -x + 0*x + 2*t = -3. Suppose 0 = -70*b + 66*b + 56. Let f = x + b. Let q(g) = g**2 - 7*g - 3. What is q(f)?
-3
Let q(d) = -18*d**2 - 1. Suppose -27*n + 34*n = -504. Let a be (-2 - (-1)/2)*48/n. Give q(a).
-19
Let d = -843 - -845. Let k(v) = v**2 + 1. Let o(j) = 4*j**2 - j - 1. Let n(g) = 6*k(g) - o(g). Let a(u) be the first derivative of n(u). Determine a(d).
9
Suppose 0*v + 37 = -4*v - g, 3*g + 41 = -5*v. Let z(w) = w**2 + 11*w + 14. Let t be z(v). Suppose 0 = l + 3, 3*x + 4*l = 7 - t. Let h(u) = u + 2. Give h(x).
7
Suppose -3*o - 398 = -5*j - 545, -o + 5*j + 69 = 0. Let k(t) = -t**3 + 38*t**2 + 41*t - 75. What is k(o)?
3
Let h(z) = -6*z**3 + 3*z - 3*z - 2*z**2 + 1. Suppose 0 = 2*j - 4*q + 10, 7*q - 9*q = -6. Give h(j).
-7
Let z be (-4)/((-16)/(-3))*4. Let q(l) = -3*l**3 - 2*l**2 - 21*l. Let r(u) = -8*u**3 - 5*u**2 - 59*u - 1. Let x(g) = -11*q(g) + 4*r(g). Determine x(z).
2
Suppose -29*w = 356 - 198 - 216. Let x(o) = -o - o**2 - 2*o**2 + 3*o. Give x(w).
-8
Suppose 0 = -5*w - s - 64, 8 = s + 7. Let f(i) = -6*i - 62. Give f(w).
16
Let j(q) = 6*q**3 + 19*q**2 - 10. Let w be j(-3). Let b(i) = -23*i - 10. Let a(c) = 11*c + 4. Let m(f) = 7*a(f) + 3*b(f). What is m(w)?
-10
Let b(x) = -2*x - 5. Let k(m) = -3*m - 9. Let u(o) = -13*b(o) + 6*k(o). Let j be u(4). Let i(s) = -s - 37 + 74 - j. Give i(-6).
0
Suppose -5*l - 3*m = -25, 7*l + 94 - 125 = -5*m. Let s(h) = 2*h - 25. Let y(i) = -i + 12. Let r(x) = -2*s(x) - 5*y(x). What is r(l)?
-2
Let d = 107 - 102. Suppose 12 = -5*h - 2*r - 15, 8 = -4*h - d*r. Let k(q) = 0 - 1 + q - 2. What is k(h)?
-10
Let m(b) = b**2 + 7*b + 8. Let v be (0 + 2 + -1)*2. Let h(q) = 29 - q**v + 20*q + 4*q**2 - 13 + 9. Let k(a) = -2*h(a) + 7*m(a). What is k(-7)?
-8
Let c(h) be the third derivative of h**5/30 + 25*h**4/24 - 5*h**3/2 + 3*h**2 + 171. Calculate c(-12).
-27
Let z(x) be the first derivative of 3*x**2/2 - 17*x - 1440. What is z(2)?
-11
Let t be 3 - (-3)/(-15)*5. Suppose -3*a - 3*z = -15, a - 2*z - 18 - 2 = 0. Let o(r) = 9 + r**t + 6 - r - a. Determine o(0).
5
Suppose -2*k = -5*v - 37, -2*v = -5*k + 1 + 39. Suppose -k*h = -8*h. Let w(y) = -y**3 - 8*y**2 + 0*y**2 + 8*y**2. Determine w(h).
0
Suppose 2*j + 72 = -3*c + 106, -5*j - c = -72. Let a(i) = -11*i + 145. Determine a(j).
-9
Let r(q) = -2 + q**2 - 1 - 1920*q + 1926*q. What is r(-7)?
4
Suppose -h + 5*h - 3*y = 17, -5*y - 17 = -h. Let b(m) = -1 + 5*m + 3*m**h + 0 - m**3 - 15*m + 9*m. Calculate b(3).
-4
Let b = 2101 - 1311. Let i = b - 790. Let h(n) = n**3 - n**2 - 4*n + 5. What is h(i)?
5
Let i(k) = -2*k + 22. Suppose -6*l - 14 = -4*l - 2*j, 2*l - j = -11. Determine i(l).
30
Let l(p) = -p. Let o(f) = -79 + 42 + 38. Let a(x) = 2*l(x) + o(x). What is a(-2)?
5
Let p(a) = 2*a + 144*a**2 - 74*a**2 - 73*a**2. Let n be p(0). Let b(c) = -c - 3. What is b(n)?
-3
Suppose 399 - 409 = -5*a. Let f(p) = -54*p**2 - 3 - 3*p + 48*p**a + 7*p + p**3. Give f(4).
-19
Let h = -3 - -3. Let u be -30 + 25 + 1*6. Let g(j) = -1. Let k(m) = m + 4. Let n(q) = u*k(q) + 2*g(q). Determine n(h).
2
Let u(y) be the first derivative of -2*y**3/3 + 3*y**2/2 - 3*y + 1499. Let i = 1 + 1. Give u(i).
-5
Let h(b) = 4*b**2 + 5*b + 4. Let p(c) = c**3 - 27*c**2 + 110*c - 3. 